 -1 - (3 + 5 - 15). Suppose 6 = -n*j, -5*g + 5*j = -6*g. Let i = 149 + -60. What is the remainder when i is divided by g?
9
Let w(m) = -2*m**3 + 39*m**2 + 26*m - 111. Calculate the remainder when 53 is divided by w(20).
8
Let s = -111 - -251. Suppose 122*y - 132*y - 855 = -67*y. What is the remainder when s is divided by y?
5
Suppose 5*q - 87 = 513. Suppose q = y + 3*y. Suppose -57 = -4*s - 5*b, 8*s - 10*s = 4*b - y. Calculate the remainder when 51 is divided by s.
12
Suppose 15*s + 15 = 20*s. Suppose 4*j - 3 + 21 = -2*w, -s*j + 2*w - 17 = 0. Let x(i) = -3*i - 12. Calculate the remainder when 7 is divided by x(j).
1
Let q = 70 + -54. Suppose 91 - q = -5*z. What is the remainder when 53 is divided by 1/(z/(-207)) + (-1)/(-5)?
11
Suppose 2*i + 14 = -h - 41, 2*i = 3*h - 59. What is the remainder when 82 is divided by i/10*(14 + -19)?
12
Suppose -4*d - y = 1, y = -d - 17 + 13. Let x(u) = 10*u + 2. Let m be x(2). Let b = m - 13. What is the remainder when b is divided by d?
0
Let g = 71 - 64. Suppose d + 170 = -g*j + 9*j, 107 = j + 5*d. Suppose 3*s - j - 243 = 0. Calculate the remainder when s is divided by 37.
36
Calculate the remainder when ((-2 - 1) + -2345)/((-25)/100) + -1 is divided by 14.
11
What is the remainder when 644 is divided by -8 + 8 + 1 - 65/(-1)?
50
Let s = 3990 + -3966. Calculate the remainder when 58 is divided by s.
10
Let m(z) = -z**3 - z**2 + 14*z + 1. Let b be m(9). Let l = -383 - b. Suppose y - l = -102. Calculate the remainder when y is divided by 50.
48
Suppose -9*y + 5*y = 5*v - 1933, -4*v + 4*y + 1568 = 0. Calculate the remainder when v is divided by 79.
73
Suppose 5*i + 4 = 3*i. Let r(f) = 2*f**2. Let m be r(2). Let q = m + i. What is the remainder when 23 is divided by q?
5
Let w(q) = -q**3 + 15*q**2 + 2*q - 29. Suppose 0 = -2*y + 16 - 10. Let t be (y/2)/((-7)/(-70)). What is the remainder when w(t) is divided by 1?
0
Suppose 45 = c + 4*c. Suppose 2*j - 4*d = -j + 33, -2*d = 3*j - 33. Calculate the remainder when j is divided by c.
2
Suppose -2*g - 49 = 2*d - 3*d, -3*d + 5*g = -148. Let h(l) = 10*l**2 - 81*l + 278. What is the remainder when h(7) is divided by d?
48
Let p(l) = l**2 - 2*l + 4. Let y = -214 - -218. What is the remainder when 46 is divided by p(y)?
10
Let u be 32/6*(1 + 2). Suppose 20*w = u*w + 100. What is the remainder when 91 is divided by w?
16
Let y = -3219 + 4068. Calculate the remainder when y is divided by 25.
24
Suppose -8*u + 38 = -6*u. Let h(w) = -13*w**2 - 3*w + 2. Let t be h(1). Let c(s) = s + 49. Calculate the remainder when c(t) is divided by u.
16
Let b be ((-120)/(-9))/(0 - 1/(-3)). Let l be b/((-2)/(-1))*(-9)/3. Calculate the remainder when ((-6)/l*-8)/((-4)/710) is divided by 36.
34
Let s = -114 + 232. Suppose 0*n + 437 + 229 = 37*n. What is the remainder when s is divided by n?
10
Suppose 2*d + 36 = 11*d. Let c be 22 + -3*d/3. What is the remainder when 63 is divided by ((-52)/10)/(c/(-45))?
11
Let f(s) = -123*s + 1024. Calculate the remainder when f(3) is divided by 313.
29
What is the remainder when (-35)/((-1575)/81)*2995 is divided by 62?
59
Let j be (-2 + 8)/((-6)/(-4)). Suppose l = -0*l - 2*s + 67, 0 = -j*l - 5*s + 274. Calculate the remainder when l is divided by 15.
11
Let v(d) = -d - 2. Let u be v(0). Suppose 137*h + 87 = 134*h. Calculate the remainder when 85 is divided by h/u*(0 + 2).
27
Let m = 1406 - 1385. Suppose 192 = -i + 4*i. What is the remainder when i is divided by m?
1
Suppose 10*p = -1279 + 1419. What is the remainder when 61 is divided by p?
5
Suppose 15*o + 5 = 20*o, 4*z - 291 = 5*o. What is the remainder when 5917 is divided by z?
71
Let d be ((-2)/6*-3)/(-1). Let l = 3 + 41. What is the remainder when l is divided by (-1*1)/(40/(-36) - d)?
8
What is the remainder when 293 is divided by (-3192)/(-140) + (-3)/(-30)*2?
17
Let j = 28354 - 26585. What is the remainder when j is divided by 68?
1
Let q = 958 - 936. Let y be (-112)/(-60) - (-2)/15. Suppose 2*f = x + y + 27, 38 = 4*f + 2*x. Calculate the remainder when q is divided by f.
10
Let g(a) = a**3 + 17*a**2 + 39*a - 55. Calculate the remainder when g(-12) is divided by 48.
5
Suppose 163*u + 18911 = 2*t + 168*u, -5*t + 47225 = 5*u. What is the remainder when t is divided by 160?
158
Suppose -3*w = -5*s - 11, -5*w + 10*s + 11 = 9*s. Suppose -14 = -4*n - w*u + 18, 4*n + 3*u = 30. Calculate the remainder when 116 is divided by n.
8
Suppose 1178 + 832 = 3*z + 3*k, 4*z - 2*k - 2626 = 0. Calculate the remainder when 1327 is divided by z.
5
Let k be 4/(-2) + (-396)/(-2). Suppose -5*y = -3*y - k. Calculate the remainder when y is divided by -33*143/(-363) + 16 + -4.
23
Suppose 327*i = 340*i - 1027. Calculate the remainder when 331 is divided by i.
15
Let c = 48 + 46. Let p = c + 156. Calculate the remainder when p is divided by 19.
3
Suppose 5*i - 1105 = -0*i. Suppose -4*k = -5*s + 277, -4*s + k + i = -2*k. Calculate the remainder when s is divided by 6/33 - 1224/(-44).
25
Suppose -5*s - 12 + 117 = 0. Suppose -21 = -3*u, -21*u = 2*q - 16*u - 49. What is the remainder when s is divided by q?
0
Let l be (39 - 41) + 1*7. Let m = 28 + l. Calculate the remainder when 380/6 + 2/3 is divided by m.
31
Suppose 6505 = 10*s + 1105. Let o = 562 - s. What is the remainder when 76 is divided by o?
10
Let u = 13 + -28. Let h(v) be the first derivative of v**4/4 + 5*v**3 - 3*v**2/2 - 14*v - 448. What is the remainder when 44 is divided by h(u)?
13
Suppose -5*z = 3*g - 5811, -3052 = -3*z - 5*g + 457. Calculate the remainder when z is divided by 4.
2
Suppose 9*k = 6*k + 810. Suppose 4*c = -2*c + k. Calculate the remainder when 3 + c/(-2 - -3) is divided by 10.
8
Let j = 39 + -23. Let h = -94256 + 94265. What is the remainder when j is divided by h?
7
Let b = 25 + 4. Calculate the remainder when -535*-3*(-3)/(-45) is divided by b.
20
Calculate the remainder when (-1714)/(-13) - (8/(-10))/(26/5) is divided by 26.
2
Let j = 6210 + -6174. What is the remainder when 3923 is divided by j?
35
Let b be 1/(1/10*40/16). What is the remainder when 60 is divided by 0 + b + -1 - -28?
29
Suppose 5*q = 5*j + 5, q = -2*q + 2*j + 3. Let r(y) = 51*y**3. Let m = 97 - 79. Calculate the remainder when r(q) is divided by m.
15
Let u be (-98)/(-20) - 4/(-40). Let f be (-625)/u*4/10. Let h = 136 + f. Calculate the remainder when h is divided by 23.
17
Let a(v) = 35*v**2 + 267*v - 1304. Calculate the remainder when a(5) is divided by 102.
90
Suppose -1006 - 183 = -40*t - 69. Calculate the remainder when 464 is divided by t.
16
What is the remainder when 54/30*(-2 - (-11764)/12) is divided by 84?
81
Let h(s) = s**3 - 20*s**2 + 64*s + 14. What is the remainder when 764 is divided by h(16)?
8
Let h = -4907 + 4921. What is the remainder when 3385 is divided by h?
11
Suppose 25*s + 9*s = 1167 + 635. What is the remainder when 488 is divided by s?
11
What is the remainder when 180 is divided by (-48)/(96/(-6)) - 1?
0
Suppose -12*z - 463 = -14*z - 5*u, -5*z - 2*u + 1147 = 0. Suppose 4*i - 5*m - 372 = 0, -m + z = 4*i - 167. What is the remainder when i is divided by 20?
18
Let d be (-152)/(-20)*(-10)/(-4). Let f = d + -13. Let u = 350 + -327. Calculate the remainder when u is divided by f.
5
Suppose 21 = 1203*w - 1206*w, -5*w - 212 = -3*v. Calculate the remainder when 11091 is divided by v.
58
Let w = -523 + 740. Suppose g - w = -30*g. What is the remainder when 72 is divided by g?
2
Suppose 12684 = -608*u + 616*u - 1596. Calculate the remainder when u is divided by 47.
46
Let u = 11719 - 11656. Let f(v) = -5*v - 3. What is the remainder when u is divided by f(-5)?
19
Let s = 4 + 9. What is the remainder when 40 + (-19)/(95/90) is divided by s?
9
Suppose -3*u + 1386 = 3*s, -4*u - 2*s + 1813 = -5*s. Suppose 0 = 5*w - u - 728. Calculate the remainder when w is divided by 40.
37
Suppose 655*o = 636*o + 15181. Calculate the remainder when o is divided by 104.
71
What is the remainder when 182/(-9 + -5) - -498 is divided by 2?
1
Suppose -u - 2*f = -0*f - 18, 5*f + 9 = -1. Calculate the remainder when 42*(-2)/(-4)*3 is divided by u.
19
Let g = 786 - 776. Calculate the remainder when 41 is divided by g.
1
Suppose g = l - 19, 32 + 35 = 4*l - g. Let q(s) = -s**2 - 15 + 2*s**2 - s + 0*s**2. What is the remainder when q(8) is divided by l?
9
What is the remainder when 2098 